t is the thousands digit of 74321558?
1
What is the billions digit of 1386532865?
1
What is the thousands digit of 1002590077?
0
What is the ten millions digit of 146912032?
4
What is the billions digit of 1702401032?
1
What is the hundred millions digit of 799174166?
7
What is the hundreds digit of 1301920519?
5
What is the tens digit of 61804093?
9
What is the thousands digit of 20160360?
0
What is the ten thousands digit of 110026973?
2
What is the hundred millions digit of 1374492623?
3
What is the units digit of 19452435?
5
What is the millions digit of 118028504?
8
What is the ten millions digit of 260345233?
6
What is the hundreds digit of 678618541?
5
What is the ten thousands digit of 131475547?
7
What is the hundreds digit of 5845883?
8
What is the thousands digit of 38047528?
7
What is the thousands digit of 478389119?
9
What is the ten thousands digit of 137453625?
5
What is the ten millions digit of 16694105?
1
What is the ten thousands digit of 36019049?
1
What is the hundred thousands digit of 98159288?
1
What is the thousands digit of 332457961?
7
What is the tens digit of 1372422130?
3
What is the units digit of 140013460?
0
What is the tens digit of 17531534?
3
What is the billions digit of 3208498023?
3
What is the units digit of 20625425?
5
What is the hundreds digit of 71257172?
1
What is the ten millions digit of 137486046?
3
What is the ten millions digit of 96290366?
9
What is the ten thousands digit of 6497884?
9
What is the ten thousands digit of 71860164?
6
What is the hundreds digit of 1323219824?
8
What is the hundred thousands digit of 191545232?
5
What is the ten thousands digit of 3693681518?
8
What is the units digit of 8906382?
2
What is the hundred millions digit of 449891430?
4
What is the hundred thousands digit of 21677538?
6
What is the ten millions digit of 1344573842?
4
What is the units digit of 1078210616?
6
What is the millions digit of 745704759?
5
What is the thousands digit of 64053630?
3
What is the hundreds digit of 757147477?
4
What is the billions digit of 4750364162?
4
What is the units digit of 736557586?
6
What is the tens digit of 273404504?
0
What is the units digit of 162345435?
5
What is the hundred thousands digit of 252689965?
6
What is the ten thousands digit of 48526687?
2
What is the millions digit of 1844311069?
4
What is the hundreds digit of 30415415?
4
What is the hundred thousands digit of 4536020698?
0
What is the tens digit of 3338545989?
8
What is the hundred thousands digit of 393122512?
1
What is the ten millions digit of 13691846?
1
What is the ten thousands digit of 583195015?
9
What is the billions digit of 2824660553?
2
What is the millions digit of 3243578953?
3
What is the millions digit of 13471492?
3
What is the hundreds digit of 300968313?
3
What is the hundred millions digit of 457263379?
4
What is the billions digit of 1402436130?
1
What is the ten thousands digit of 57331412?
3
What is the ten thousands digit of 196288577?
8
What is the billions digit of 1964439670?
1
What is the tens digit of 28375168?
6
What is the ten millions digit of 81558522?
8
What is the thousands digit of 175577698?
7
What is the ten thousands digit of 256673247?
7
What is the ten millions digit of 19694342?
1
What is the tens digit of 323427534?
3
What is the ten millions digit of 71812105?
7
What is the hundred thousands digit of 522559683?
5
What is the billions digit of 1742242054?
1
What is the ten millions digit of 267017941?
6
What is the tens digit of 1842283251?
5
What is the thousands digit of 201727438?
7
What is the thousands digit of 338546301?
6
What is the ten millions digit of 374868097?
7
What is the hundreds digit of 458300575?
5
What is the hundred millions digit of 485560813?
4
What is the ten thousands digit of 76961918?
6
What is the millions digit of 1061605965?
1
What is the units digit of 963172192?
2
What is the thousands digit of 47950771?
0
What is the units digit of 30629044?
4
What is the tens digit of 99207172?
7
What is the billions digit of 5899358713?
5
What is the billions digit of 1117560865?
1
What is the units digit of 1848293737?
7
What is the hundreds digit of 724677044?
0
What is the hundreds digit of 2410475227?
2
What is the units digit of 36225144?
4
What is the ten thousands digit of 307087927?
8
What is the tens digit of 90306895?
9
What is the hundred thousands digit of 106955754?
9
What is the ten millions digit of 43693134?
4
What is the hundreds digit of 2724888263?
2
What is the tens digit of 27528953?
5
What is the units digit of 1067776596?
6
What is the ten thousands digit of 42873273?
7
What is the ten millions digit of 9182585157?
8
What is the millions digit of 962903328?
2
What is the ten millions digit of 420055485?
2
What is the thousands digit of 1691768375?
8
What is the units digit of 2902217579?
9
What is the millions digit of 187515111?
7
What is the tens digit of 716184479?
7
What is the tens digit of 414197351?
5
What is the units digit of 35632889?
9
What is the ten millions digit of 1717381647?
1
What is the millions digit of 162041192?
2
What is the ten thousands digit of 6769721?
6
What is the hundred thousands digit of 1734853230?
8
What is the hundred millions digit of 2271373682?
2
What is the units digit of 1226818036?
6
What is the hundred millions digit of 314177787?
3
What is the units digit of 272636052?
2
What is the hundreds digit of 1728477?
4
What is the hundred thousands digit of 388631825?
6
What is the units digit of 1032563743?
3
What is the hundred thousands digit of 1500510727?
5
What is the units digit of 2177378464?
4
What is the hundreds digit of 13517984?
9
What is the hundreds digit of 4468888071?
0
What is the tens digit of 311804724?
2
What is the units digit of 9601089?
9
What is the units digit of 206214638?
8
What is the thousands digit of 613794872?
4
What is the hundreds digit of 384804944?
9
What is the hundred millions digit of 121554502?
1
What is the ten thousands digit of 29478685?
7
What is the units digit of 16997455?
5
What is the hundred thousands digit of 303896223?
8
What is the hundreds digit of 1833071312?
3
What is the ten millions digit of 64875919?
6
What is the ten millions digit of 11813865?
1
What is the millions digit of 18892803?
8
What is the ten millions digit of 652306106?
5
What is the units digit of 12437684?
4
What is the ten thousands digit of 151527681?
2
What is the units digit of 61493080?
0
What is the millions digit of 5946688961?
6
What is the units digit of 42712631?
1
What is the ten thousands digit of 1433696712?
9
What is the hundreds digit of 39276182?
1
What is the hundreds digit of 3869168982?
9
What is the units digit of 1420424?
4
What is the millions digit of 112684043?
2
What is the tens digit of 376580255?
5
What is the ten thousands digit of 651828615?
2
What is the hundred thousands digit of 2215423086?
4
What is the units digit of 304730564?
4
What is the millions digit of 2371005477?
1
What is the ten millions digit of 259344067?
5
What is the hundred thousands digit of 200629393?
6
What is the ten millions digit of 25112465?
2
What is the millions digit of 22542106?
2
What is the hundred millions digit of 467971902?
4
What is the tens digit of 2386701285?
8
What is the thousands digit of 61047385?
7
What is the ten millions digit of 448867769?
4
What is the hundreds digit of 7700184?
1
What is the millions digit of 3074774686?
4
What is the ten millions digit of 146051319?
4
What is the hundred millions digit of 2050892197?
0
What is the tens digit of 846525239?
3
What is the tens digit of 973256136?
3
What is the hundreds digit of 59797495?
4
What is the hundred millions digit of 1104900770?
1
What is the ten millions digit of 596107978?
9
What is the ten thousands digit of 74809978?
0
What is the units digit of 25674492?
2
What is the thousands digit of 893718297?
8
What is the ten millions digit of 696743029?
9
What is the tens digit of 608293833?
3
What is the hundred thousands digit of 4834182570?
1
What is the hundred thousands digit of 564773281?
7
What is the millions digit of 6880246112?
0
What is the hundred thousands digit of 56240685?
2
What is the hundred thousands digit of 109910565?
9
What is the hundreds digit of 1